f 6 and r.
2
Suppose -4*f + 58 + 10 = 0. What is the greatest common factor of 17 and f?
17
Let x(p) = -p + 4. Let v be x(2). Let l(s) = -s**3 - 6*s**2 + s + 8. Let z be l(-6). What is the highest common divisor of v and z?
2
Let v(m) be the second derivative of m**4/12 + 5*m**3/6 + 2*m**2 - 2*m. Let i be v(5). What is the greatest common divisor of 6 and i?
6
Let u(d) = 2*d - 3. Let j be u(4). Suppose 2*z + 55 = 5*h, -j*h + 4*z - 4 = -59. Suppose -2*i + h = -5. Calculate the greatest common factor of 72 and i.
8
Suppose 0 = 3*x - 18 - 63. Let a(s) = 16*s + 2. Let j be a(1). What is the greatest common divisor of j and x?
9
Let b be 4 - 4 - (-3 + 2). Let r be ((-1)/2)/((-2)/4). Let x = r + 0. What is the highest common divisor of b and x?
1
Suppose -i + 1 = 0, i + 2*i + 21 = -3*c. Let o(l) = -5*l - 16. Let f be o(c). Calculate the highest common factor of 96 and f.
24
Let t = 11 + -6. Suppose -n - 1 = -t. Suppose -4*s + 2*s + n*l = -56, l = -3*s + 77. Calculate the greatest common divisor of 39 and s.
13
Let u(g) = -7*g**2 - 13*g + 2. Let j(n) = -13*n**2 - 25*n + 3. Let s(d) = 6*j(d) - 11*u(d). Let l be s(-4). What is the greatest common factor of 40 and l?
8
Suppose -3 = 3*h + 12. Let b be 41 - (-3 + h/(-1)). Calculate the highest common divisor of 26 and b.
13
Suppose 123 = 5*t + 13. Let o be t/4 - 4/8. What is the greatest common factor of 5 and o?
5
Let p be (-6)/(-39) + 698/26. Calculate the greatest common factor of p and 81.
27
Suppose 12 + 6 = 3*q. Suppose -3*f - q = -5*f. What is the greatest common factor of f and 1?
1
Let s(g) = 2*g**2 - 14. Let j be s(-7). Calculate the highest common factor of 48 and j.
12
Suppose p + 26 = 2*r, 6 = 3*p - 0. Let f = 12 + r. Let i = 14 - 1. What is the highest common factor of i and f?
13
Let c(q) = 5 - 5 + 2*q - 4. Let u be c(6). What is the highest common factor of u and 88?
8
Let y be 91/2 - 3/2. Calculate the greatest common divisor of 4 and y.
4
Let u be 85 + 2 - (-1 + 3). Let i = u + -57. Calculate the greatest common factor of 4 and i.
4
Let n be 9/(-21) + 51/21. Calculate the highest common divisor of n and 2.
2
Suppose 12 = n + 1. Let o(l) = l**3 - 23*l**2 + 22*l + 11. Let m be o(22). What is the highest common divisor of m and n?
11
Let a = -354 + 552. Suppose 2*w + 0*c - 45 = 3*c, w = 2*c + 24. Calculate the highest common factor of a and w.
18
Let h(r) = -7*r**3 + r**2 + r - 2. Let y be h(2). Let k = y - -88. Let u be (-30)/35*35*-3. What is the greatest common factor of k and u?
18
Suppose -2*t - 106 = -5*n - 40, -50 = -4*n + 3*t. Suppose -5*g = 2*b + 3, 3*b = 2*b - 5*g - n. Calculate the greatest common factor of b and 121.
11
Let q = -26 - -110. Suppose 2*s + 4 = -2*v + 26, -4*v - q = -4*s. Calculate the greatest common factor of 48 and s.
16
Let g be -1 + -3 - (1 - 1). Let u = g + 14. What is the highest common divisor of 4 and u?
2
Suppose 2*k - 7*k + 200 = 0. What is the greatest common factor of 280 and k?
40
Let l(n) = -n**3 - 2*n**2 - n + 1. Let y be (1 + -3)/4*6. Let h be l(y). What is the greatest common divisor of h and 13?
13
Let k(f) = f**2 - 10*f - 3. Let m = 2 - 9. Let n be k(m). Suppose n = 5*y + 26. What is the highest common factor of y and 2?
2
Let y = 97 + -64. Calculate the greatest common divisor of 11 and y.
11
Suppose 156 = -0*w + 3*w. Let t be (4/7)/(6/21). Suppose -t = 4*j + 2, -5*o + 2*j + 67 = 0. Calculate the highest common divisor of w and o.
13
Let h(w) = 2*w**2 + 15*w + 10. Let b be h(-8). Calculate the greatest common divisor of b and 81.
9
Let z be 6/8 - 58/(-8). Calculate the highest common divisor of 4 and z.
4
Suppose 5*j - 2*g + 6*g = -10, 17 = -4*j - 5*g. Let u be (-5 - 0)/(j/(-64)). Calculate the highest common factor of 20 and u.
20
Let f(h) = h**3 + 6*h**2 + 3*h - 4. Let y be f(-5). What is the greatest common divisor of y and 3?
3
Suppose -36 = z - 116. Calculate the greatest common factor of 64 and z.
16
Let l = 23 + -53. Let k = l + 74. Suppose -k = -4*a - 16. Calculate the highest common divisor of a and 14.
7
Suppose -5*f = 5*i - 240, -5*f + 0 + 5 = 0. Let a = -63 - -44. Let d = a + i. Calculate the highest common divisor of d and 7.
7
Let z = 29 - 9. Calculate the highest common factor of z and 4.
4
Let d be (-6)/4*(-4)/2. Suppose -135 = -8*i + d*i. What is the highest common divisor of 18 and i?
9
Let m be (-2)/(3/54*-3). What is the highest common divisor of 4 and m?
4
Suppose 2*y + 2*y + 68 = 0. Let c = y - -108. Calculate the highest common factor of 13 and c.
13
Let y(d) = d**2 + 12*d + 13. Let u be y(-11). Suppose -u*v - 270 = 3*v. Let m = -32 - v. Calculate the highest common divisor of 11 and m.
11
Let h be (-392)/(-35) - 1/5. Let m(t) = t + 8. Let r be m(h). Calculate the greatest common divisor of 152 and r.
19
Let x be (-4)/10 - (-127)/5. Suppose -4*l + 2 = -3*l. Suppose l*q = 4*q - 20. What is the highest common factor of x and q?
5
Let m(o) = 3 - 4*o**2 + 3*o**3 + 0*o**3 - 2*o**3 + 0*o + o. Let q be m(4). What is the highest common factor of 63 and q?
7
Let o(k) = k**2 - 14*k + 26. Let v be o(12). Calculate the greatest common divisor of 8 and v.
2
Suppose -5*a + 10 = -5*k, -3*k + 4*k = -5. Let s be 0/(1 + a) - -8. Suppose s*w - 3*w = 25. What is the greatest common divisor of 15 and w?
5
Let l(g) = 13*g**2 - 3*g + 3. Let t be l(-6). Let x = 342 - 677. Let p = t + x. Calculate the highest common divisor of p and 14.
14
Suppose 86 = 5*d - 54. Calculate the greatest common divisor of 42 and d.
14
Let d = 9 + -4. Suppose -442 = -5*q - 2*b, d*b = 4*q + 19 - 399. What is the greatest common factor of 36 and q?
18
Suppose 3*j - 28 = o, j - 2*o - 1 = 5. Suppose -6*y - 145 = -691. Let b = y + -51. Calculate the highest common factor of j and b.
10
Let t be 8/12 + (-21)/(-9). Suppose -145 = -t*u + 20. What is the highest common factor of u and 5?
5
Suppose -l + 17 = -0. Let p = 26 - l. Calculate the highest common factor of 18 and p.
9
Let j be (-13 + -13)*(-2)/4. Calculate the greatest common factor of j and 52.
13
Let r be (-3972)/(-66) + 4/(-22). Suppose -11*l + 9*l = -r. What is the highest common factor of 12 and l?
6
Let q be -23 + (-6)/3 - -2. Let f be (-4)/14 + q/(-7). Let h be 1 - (1 - 39/f). Calculate the greatest common divisor of 13 and h.
13
Let n = -28 - -31. What is the greatest common factor of 3 and n?
3
Let i = -45 + 25. Let y = -13 - i. Calculate the highest common factor of 63 and y.
7
Suppose -5*n + 55 = 2*f, 67 - 14 = 2*f + 3*n. What is the greatest common factor of f and 5?
5
Suppose 0 = -3*n + 27 + 12. Suppose -5*c + d + n = -80, -3*c + 42 = 4*d. Suppose 50 = 4*o + c. Calculate the greatest common divisor of 72 and o.
8
Suppose 5*m - l - 120 = -1, 2*l = 4*m - 100. Let u = m + -5. Calculate the highest common divisor of u and 9.
9
Let k = 488 - 343. What is the greatest common factor of k and 29?
29
Let l(z) = 6*z**2 - z - 4. Let p be l(2). Calculate the greatest common factor of p and 45.
9
Suppose 2*o + 2*o - 4 = -3*y, 3*y = -3*o. Suppose 2 = o*u - 14. Calculate the highest common divisor of 12 and u.
4
Suppose 0 = -0*y - y + 24. Calculate the greatest common divisor of 12 and y.
12
Suppose -2*l + 2*q - 1 = -9, l + 8 = 5*q. Let r(a) = a**3 - 6*a**2 - 5*a - 1. Let u be r(l). What is the highest common factor of u and 143?
13
Let m be -6*(2 - 1)/(12/(-172)). Calculate the highest common divisor of 43 and m.
43
Suppose -7*q + 4*q = -6. Let n = 15 - -3. What is the highest common divisor of n and q?
2
Suppose 3*b + b - 4*k = 84, 2*b - 4*k = 44. What is the greatest common factor of 20 and b?
20
Let t = -45 - -120. Calculate the highest common divisor of t and 50.
25
Let q = 217 + -145. Let p be (-10)/(-3)*(-12)/(-5). Calculate the highest common divisor of q and p.
8
Let w = 8 - 5. Suppose -5*m + 62 - 17 = 0. Calculate the highest common divisor of m and w.
3
Let m(b) = b**3 - 9*b**2 + 6*b + 6. Let h be m(9). What is the highest common divisor of h and 20?
20
Let d(k) = -k - 2. Let i be d(-5). Let q = i + -1. Suppose -2*j + 5 = -o, -j + 4 = 3*o - q. What is the greatest common factor of 8 and o?
1
Suppose 2*h - 10 = 2. Let y(t) = -t**2 + 7*t - 3. Let j be y(6). Let g = h - j. Calculate the greatest common divisor of g and 24.
3
Let n = -1 - -4. Suppose -180 = -n*c - c. Calculate the highest common factor of 15